 is h(3)?
-1
Let m(l) = -l + 1. Let y(w) = 0*w**3 + 5 - w**3 + 7*w**2 + 8*w**3 - 6*w**3 + 14*w. Let h be y(-4). Determine m(h).
4
Let f(n) = -26 - n + 38*n**2 + n - 23*n**2 + 3*n - 14*n**2. Determine f(-8).
14
Suppose -f = -3*f + 4*u + 14, -u = 0. Suppose f + 20 = -3*t. Let c(s) = s**2 + 9*s - 6. Give c(t).
-6
Let x be 20/9 - (-6)/(-27). Let u(s) = 1 - 1 + 1 - s - x. Let h(p) = p**3 - 4*p**2. Let c be h(4). Calculate u(c).
-1
Let a(z) = 16*z**2 + 45*z + 19. Let h(n) = 3*n**2 + 3*n - 2. Let r(k) = k + 1. Let v(g) = h(g) + 6*r(g). Let i(p) = 2*a(p) - 11*v(p). Calculate i(-9).
-6
Suppose -3*m = 3*l + 66, -4*m - 62 = -m - l. Let h(x) = 4*x**2 + 83*x - 22. Determine h(m).
-1
Let p(b) = b**2 + 2*b - 1. Let q = 2909 - 2914. Give p(q).
14
Suppose -3*w = 4*r - r - 9, 3*w = 4*r + 44. Let f(y) = y**3 - 3 + 0*y - 6*y**2 + 6*y**3 - w*y**3 - 7*y. Give f(-5).
7
Let i be 12/(-4) + 2 - -3. Let q(y) = -i*y + 4*y + 0 - 5 - 5*y. Suppose 3*h + 12 = -2*o, -6 + 30 = -4*o - 5*h. Calculate q(o).
13
Let w(k) be the second derivative of -k**5/20 + 5*k**4/12 - k**3/3 - 5*k**2/2 - k. Let y be 32/14 + 8/(-28). Suppose -14 = -4*x + y. Give w(x).
3
Let s(l) = 38 - 19*l**2 - 15*l**2 - 11 - 22*l**2 + 55*l**2. Give s(-6).
-9
Let v be (-2)/6 + (-20)/(-6). Suppose -11 - 7 = -v*o. Let p(y) = 2*y + 0 - y**2 + 4*y - 2 + 0 - 1. What is p(o)?
-3
Let u(d) = -61*d - 54*d + 113*d + d**2 - 8. Give u(6).
16
Let o(d) = d**2 + 5*d - 1. Let p = 32 - -23. Let c = -60 + p. Determine o(c).
-1
Let y(m) be the third derivative of m**5/60 + m**4/4 - m**3/2 - m**2 + 4*m. Determine y(-8).
13
Let b(w) = -w**2 - 1. Suppose 0 = -4*r + 3*r - 4. Let l be 24/(2 - 0/r). Let p be 2/(-8) + 3/l. Determine b(p).
-1
Let l(b) = 6*b**2 + 2*b**2 + 3 + 11*b**2 - 13*b**2 + b**3. Let g be ((-3)/6)/((-1)/60). Suppose -2*m + m + 18 = -3*h, -5*h + m = g. Calculate l(h).
3
Suppose 0 = -8*o - 0*o + 48. Let z(w) = -w**2 + 4*w + 1. Calculate z(o).
-11
Let f(n) = -7*n + 11*n + 1 + 2. Let m be -1*((-6)/2 - -3). Suppose 6*g - 4*g + 6 = m. What is f(g)?
-9
Let k(m) = -7*m**2 + 5*m + 7. Let s(u) = -8*u**2 + 6*u + 8. Let l(i) = 7*k(i) - 6*s(i). Give l(0).
1
Let s(r) = r**3 + r**2 - r - 14. Suppose -i + 5*n = 1, i - 5 + 2 = n. Suppose 2*f + i*t = 5*t + 3, 15 = -5*t. What is s(f)?
-14
Let k(l) = -l**3 - 10*l**2 + 21*l - 26. Let s be k(-12). Let p(d) = -3*d + 2. Let r be p(4). Let c be (-24)/s + 6/r. Let o(h) = -2*h**2 - 5*h - 4. Give o(c).
-7
Let k(o) = 5*o + 1. Let s(c) = -26*c - 5. Let h(w) = 22*k(w) + 4*s(w). Suppose 13 = -2*z + 3*i, i + 3 = -23*z + 20*z. What is h(z)?
-10
Let c(r) = r**3 - 7*r**2 + 3*r - 6. Let b be c(7). Suppose 75 = 5*s + b. Suppose 0*h + s = 4*h. Let a(y) = y - 4. Calculate a(h).
-1
Let z(f) = -8 - 122*f + 113*f - f**2 + 15. Determine z(-9).
7
Let b(a) = 2*a**2 + a + 1. Let j(h) = 9*h**2 - 2*h + 9. Let n(u) = 4*b(u) - j(u). Suppose -i + 0*i = -5. Calculate n(i).
0
Let x(m) = -m**2 + 6. Let p be x(0). Let o(a) = -7608*a**2 + 6*a + 15216*a**2 - a**3 - 7603*a**2. Determine o(p).
0
Let g(d) = -d**2 - 5*d + 11. Suppose 23*k = 78*k + 275. What is g(k)?
11
Let i(m) = m**2 - 5*m - 10. Suppose 2*t = -5*w + 29, -1 = 3*t - 4*w - 10. Determine i(t).
4
Let z(r) = 35*r**3 + 6*r**2 - 13*r**2 - 2*r + 10*r + 27*r**3 - 61*r**3. Give z(6).
12
Let m be (12/14)/((-1)/(-7)). Suppose -2*o + m = -2. Let x(i) = i - 4. What is x(o)?
0
Suppose 1736*z - 52 = 1749*z. Let c(j) be the third derivative of -j**6/120 - j**5/10 - 7*j**4/24 - 2*j**3/3 + 2*j**2. Give c(z).
-8
Let v(m) = 0*m + 1 + m**3 - 3*m**2 + 0*m. Suppose g = 2*o - 2 + 4, 4 = 2*o. Suppose g*l - 31 = -13. What is v(l)?
1
Let y(f) be the first derivative of f**4/4 - 7*f**3/3 - 3*f**2/2 - 10*f - 20. Calculate y(7).
-31
Suppose 5*k = 3*p + 66 + 14, 4*k = -4*p + 64. Let g be (-10)/(-1) - 64/k. Let h(c) = -c**2 + 5*c + 7. What is h(g)?
1
Let s(a) = -a**3 - 5*a**2 - 4*a - 3. Suppose -p + 21 = 5*n - 4*p, 0 = -5*n - p + 13. Suppose 25 = -n*y - 2*y. What is s(y)?
17
Let v(w) be the first derivative of -w**3/3 + 7*w**2/2 - 9*w - 23. Let p(l) be the first derivative of v(l). Determine p(6).
-5
Let u(a) = -13*a + 11. Let i be u(-18). Let x(l) = -115*l + l**2 - 123*l + i*l - 4. Calculate x(-6).
-10
Let h = -1 - 1. Let m(s) = 20*s**2 - 8*s - 34. Let q(k) = -22*k**2 + 35*k**2 + 3*k - 20*k**2 + 12. Let x(z) = -6*m(z) - 17*q(z). Calculate x(h).
2
Let z be -1 + (5 - (-4 - -2)). Suppose -3*a - 29 + 35 = 0. Let h(m) = -9 + 16 + 6*m - m**a - 3. What is h(z)?
4
Let z(b) = 4*b**2 - 6*b**2 + 10 - 56*b + b**2 + 48*b. Let x(u) = -u**2 + 2*u. Let s be x(4). Determine z(s).
10
Let p(g) = 0*g**2 + 4*g**2 - 3 - 3*g**2 + 4*g. Let y = 29 - 25. Suppose -4*m = y*f + 16 + 8, -2*f + 13 = -3*m. Give p(m).
2
Let i(s) be the first derivative of s**2 + 1/4*s**4 + 1/3*s**3 + s + 18. What is i(-1)?
-1
Let n(l) be the second derivative of 0*l**3 + 0 - 16*l - 1/4*l**4 + 1/20*l**5 - l**2. Determine n(3).
-2
Let w(j) be the second derivative of -j**4/12 + j**3/6 + 23*j**2/2 + j + 34. Suppose 5*l = -0*l. Determine w(l).
23
Suppose 5*n - 5*b = 35, 0 = -0*n - 2*n - b + 5. Let s(p) = p**2 - 3*p + 4. Calculate s(n).
8
Let g(x) = -x**3 + 4*x**2 + 1. Suppose -5*b = 5*l + 1 - 41, -40 = -5*l + 5*b. Suppose 0 = -6*p + 10*p - l. What is g(p)?
9
Let x(b) be the third derivative of b**5/15 - b**4/12 + b**3/2 - 3*b**2. Let n = -2017 + 2019. Determine x(n).
15
Let c(d) = -2*d**2 - 5 + d - 6*d + 4*d**3 + 8 - 1. Let u(r) = 4*r**3 - 2*r**2 - 4*r + 1. Let b(h) = -2*c(h) + 3*u(h). Determine b(-1).
-5
Let i(b) = b**2 + 11*b - 9. Let o = -130 + 118. Let y be i(o). Let d(u) = 2 - 6 + 4*u**2 - 3*u**2. Give d(y).
5
Let w(p) = 2*p**3 + 7*p**2 + 2*p. Let h be w(-3). Let f(u) = -1 + h*u**3 - 73*u**2 + 73*u**2 + u**3. What is f(-1)?
-5
Let a(u) = 14*u**2 + 26*u - 34. Let y(c) = 5*c**2 + 9*c - 11. Let g(l) = 4*a(l) - 11*y(l). Let k be g(-7). Let q(i) = 14*i. Determine q(k).
-14
Let a(z) = z + 7. Let b(l) = l**3 - 3*l**2 + l - 2. Let p be b(2). Let h be a(p). Let o(k) be the first derivative of -k**2/2 + k + 12986. Give o(h).
-2
Suppose -44*p = -48*p + 24. Let l(n) = n**2 - 9*n. Give l(p).
-18
Let n(i) = 8*i**3 - 1. Let k be n(1). Let p(a) = -a + k + 4 - 12. Calculate p(5).
-6
Let k = -332 - -325. Let v(z) = z**2 + 3*z. Calculate v(k).
28
Let y(s) be the second derivative of s**5/20 - 7*s**4/12 + 4*s**3/3 - 3*s**2 + 2*s. Determine y(5).
-16
Suppose 0 = 4*i + 4*n - 28, -4*n + 3 = -3*i + n. Let v(o) be the first derivative of 12 - 6*o**2 - i*o**2 + 13*o**2 + 2*o. Determine v(-3).
-16
Suppose -23*a + 26*a - 18 = 0. Suppose -21 = -3*l - g - 2*g, 3*l - 2*g = 21. Let o(b) = 3*b - l*b + 16 - 7 + 3*b. Calculate o(a).
3
Let p(g) = -g + 1. Let m be p(-12). Let h(t) = t**3 - t**2 - m*t + 12*t - t**3 - 5*t**3 + 1. What is h(1)?
-6
Let f(s) = 2*s**3 + s**2 + s. Let p(w) = 7*w**3 - 2*w**2 - 2*w - 2. Let v(l) = 4*f(l) - p(l). Give v(-4).
10
Let b be 3/(-6)*20 + 10. Let y(n) be the third derivative of 0 + 1/24*n**4 + 2*n**2 - 1/3*n**3 + b*n. What is y(-5)?
-7
Suppose 0 = -4*n + 50 - 258. Let f be n/(-12)*12/4. Let r(b) = -12*b**2 + 0 + f*b**2 - 5 + b**3. What is r(0)?
-5
Let i = -713 - -719. Let h(b) = 2*b**2 - 9*b + 1. Give h(i).
19
Let x(v) = -v - 3. Suppose 18*y + 15 = 13*y. Determine x(y).
0
Suppose 243 = -2*r + 229. Let m(a) = -a**2 - 3*a**2 - 2 + 7*a + 5*a**2. What is m(r)?
-2
Let g(a) = -3*a**2 - a + 3. Let z(u) = 3*u**3 - 3*u**2 + 4*u - 2. Let p be z(1). Determine g(p).
-11
Let j(u) = -u**3 - 7*u**2 + 5*u - 8. Let p be j(-8). Let z(w) = -2*w - 4. Let o be z(6). Let l = o + p. Let n(q) = -q**2 + 3. Determine n(l).
3
Let k(q) = -q**3 + 2*q**2 + 3*q - 3. Let m be k(2). Let s(x) = 18*x**m + 95 - x + 102 - x**2 + 2*x**2 - 196. What is s(1)?
19
Let u(t) = -t**2. Suppose 2*l - 3*p = 6*l - 18, -4*p = 4*l - 20. Determine u(l).
-9
Let c(g) be the first derivative of g**3/3 + 4*g**2 + 2*g + 331. Determine c(-4).
-14
Let z(w) = 8*w. Let n(q) = 6*q**2 + 15*q - 22. Let j(m) = -m**2 + 1. Let b(a) = 5*j(a) + n(a). Let p be b(-16). Determine z(p).
-8
Let i = -39 - -44. Let s(r) = 5*r**3 - 4*r**2 - 3*r + 1. Let t(j) = 4*j**3 - 4*j**2 - 4*j + 1. Let w(h) = -3*s(h) + 4*t(h). What is w(i)?
-9
Let s(n) = 2 + 7 - 213*n + 111*n + 103*n. Determine s(-10).
-1
Let z = -211 - -213. Let b(w) be the first derivative of -1/2*w**z + 1/4*w**4 - w**3 - 4*w + 1. Determine b(3).
-7
Let t(n)